{"id":18,"date":"2017-03-20T13:00:37","date_gmt":"2017-03-20T13:00:37","guid":{"rendered":"http:\/\/www.data-car.de\/?page_id=18"},"modified":"2017-03-20T15:59:28","modified_gmt":"2017-03-20T15:59:28","slug":"home","status":"publish","type":"page","link":"https:\/\/www.data-car.de\/","title":{"rendered":"DatacarWin"},"content":{"rendered":"<div class=\"entry\">\n<p style=\"font-family: verdana; font-size: 12pt; font-weight: bold;\">Willkommen bei<\/p>\n<p>DataCar<sup>Win<\/sup><\/p>\n<p>&nbsp;<\/p>\n<p style=\"font-family: verdana; font-weight: bold; color: #3b6b9c;\">Erh\u00f6hen Sie die &#8216;Drehzahl&#8217;<\/p>\n<p>und reduzieren Sie den &#8216;Verbrauch&#8217;!<\/p>\n<p style=\"font-family: verdana; font-weight: bold; color: #3b6b9c;\">Mit unserer leistungsf\u00e4higen, plattformunabh\u00e4ngigen Software<\/p>\n<p>DataCar<sup>Win<\/sup><\/p>\n<p>Diese Informations-Seite m\u00f6chte Sie \u00fcber unsere Autovermietungs-Software DataCar<sup>Win<\/sup> informieren.<\/p>\n<p>Unser Unternehmen hat fast 30 Jahre Erfahrung in der Branche und wir betreuen heute viele<br \/>\nnamhafte Autovermieter. Mit dem Produkt DataCar<sup>Win<\/sup> bieten wie nun eine Anwendung die<br \/>\nunsere langj\u00e4hrige Erfahrung in eine moderne und leistungsf\u00e4hige Systemumgebung bringt.<br \/>\nDurch die Zusammenarbeit mit unseren Kunden wurde ein effektives und kosteng\u00fcnstiges<br \/>\nWerkzeug zur Steuerung der Aufgaben in der Autovermietungsbranche geschaffen.<\/p>\n<p>\u00dcbersichtliche und praxiserprobte Erfassungsmasken sowie ein schneller und komfortabler Dispositionskalender erf\u00fcllen die<br \/>\nAnforderungen f\u00fcr einen sicheren und reibungslosen Betrieb der Software und Ihres Unternehmens.<\/p>\n<p>Vielf\u00e4ltige Auswertungsm\u00f6glichkeiten und Schnittstellen machen die<br \/>\nSoftware DataCar<sup>Win<\/sup> bereits in der Grundausstattung zu einem wichtigen Bestandteil<br \/>\nIhrer Verwaltung.<\/p>\n<p style=\"font-family: verdana; font-weight: bold; color: #3b6b9c;\">Bringen Sie Ihre Autovermietung in Fahrt!<\/p>\n<p style=\"font-family: verdana; color: black;\">Informieren Sie sich \u00fcber das Programm und fordern Sie noch heute einen kostenlosen Demo-Zugang an.<\/p>\n<p>Egal ob Sie nach Autovermietung Software oder Software Autovermietung suchen, wir hoffen Sie haben uns im Web gefunden und k\u00f6nnen bald unsere Autovermietsoftware Data Car Win nutzen und profitieren vom Dispoplaner, Schadensmanagement und Fuhrparkverwaltung, sowie Statistiken, Provisionsabrechnungen, einfach alles was man in der Software Autovermietung ben\u00f6tigt, fordern Sie die Demoversion der Autovermietung Software zum Download an, wenn Autovermietsoftware dann Datacar, modern, g\u00fcnstig , einfach gut. L\u00e4uft auch auf Apple!<\/p>\n<\/div>\n","protected":false},"excerpt":{"rendered":"<p>Willkommen bei DataCarWin &nbsp; Erh\u00f6hen Sie die &#8216;Drehzahl&#8217; und reduzieren Sie den &#8216;Verbrauch&#8217;! Mit unserer leistungsf\u00e4higen, plattformunabh\u00e4ngigen Software DataCarWin Diese Informations-Seite m\u00f6chte Sie \u00fcber unsere Autovermietungs-Software DataCarWin informieren. Unser Unternehmen hat fast 30 Jahre Erfahrung in der Branche und wir betreuen heute viele namhafte Autovermieter. Mit dem Produkt DataCarWin bieten wie nun eine Anwendung die &#8230;<\/p>\n","protected":false},"author":1,"featured_media":0,"parent":0,"menu_order":0,"comment_status":"closed","ping_status":"closed","template":"","meta":{"footnotes":""},"_links":{"self":[{"href":"https:\/\/www.data-car.de\/index.php?rest_route=\/wp\/v2\/pages\/18"}],"collection":[{"href":"https:\/\/www.data-car.de\/index.php?rest_route=\/wp\/v2\/pages"}],"about":[{"href":"https:\/\/www.data-car.de\/index.php?rest_route=\/wp\/v2\/types\/page"}],"author":[{"embeddable":true,"href":"https:\/\/www.data-car.de\/index.php?rest_route=\/wp\/v2\/users\/1"}],"replies":[{"embeddable":true,"href":"https:\/\/www.data-car.de\/index.php?rest_route=%2Fwp%2Fv2%2Fcomments&post=18"}],"version-history":[{"count":3,"href":"https:\/\/www.data-car.de\/index.php?rest_route=\/wp\/v2\/pages\/18\/revisions"}],"predecessor-version":[{"id":35,"href":"https:\/\/www.data-car.de\/index.php?rest_route=\/wp\/v2\/pages\/18\/revisions\/35"}],"wp:attachment":[{"href":"https:\/\/www.data-car.de\/index.php?rest_route=%2Fwp%2Fv2%2Fmedia&parent=18"}],"curies":[{"name":"wp","href":"https:\/\/api.w.org\/{rel}","templated":true}]}}